 is the remainder when z(v) is divided by x?
2
Let n = 545 - 522. What is the remainder when 47 is divided by n?
1
Let d be 0 + (-2 - -1) - -6. Suppose -30 = -0*z - d*z. Let l = 32 + -15. Calculate the remainder when l is divided by z.
5
Suppose 0*s + 5*g = 4*s - 134, -g + 122 = 4*s. Suppose -3*v - 3*v = -42. Suppose 5*r - t - 39 = 8, r - v = -t. What is the remainder when s is divided by r?
4
Suppose 4*i = 5*j + 229, 3*j = -j + 12. Let m = 91 - i. Calculate the remainder when 58 is divided by m.
28
Suppose -2*z + 303 + 487 = 0. What is the remainder when z is divided by 33?
32
Calculate the remainder when 332 is divided by 12084/171 + (-1)/(-3) + -4.
64
Suppose 19 - 7 = -3*u, u - 92 = -4*h. What is the remainder when 46 is divided by h?
22
Let h = -12 - -18. Suppose -q + h*q = 360. Let z = 16 - 1. Calculate the remainder when q is divided by z.
12
Let a(j) = -18*j - 114. Let l = 29 - 16. What is the remainder when a(-9) is divided by l?
9
Suppose -30 = 2*o - 76. Suppose o + 22 = 3*j. What is the remainder when 46 is divided by 50/j*(-36)/(-10)?
10
Suppose 3*g - 5*s - 186 = 0, 0*g - 3*s + 105 = 2*g. Suppose 0 = -14*c + 3*c + 132. What is the remainder when g is divided by c?
9
Let q(l) = -22*l + 21. Let j(a) = a**3 - 9*a**2 + 9*a + 4. Calculate the remainder when q(0) is divided by j(8).
9
Suppose 0 = -70*b + 1747 + 1753. What is the remainder when b is divided by 26?
24
Suppose 0 = 2*k - 5 + 3. Let j = k - 6. Calculate the remainder when 36 is divided by ((-52)/(-10))/((-2)/j).
10
Let u be 762/(-9) - 1/3. Let w = 250 + u. What is the remainder when w is divided by 28?
25
Suppose 3*h + 3*g = 32 + 37, 3*h = 3*g + 57. What is the remainder when 627 is divided by h?
18
Let j = 3577 - 3553. Let b be (-3)/1*104/(-12). Suppose w - b = -w. Calculate the remainder when j is divided by w.
11
Let b(f) = 8*f**2 + 1. Let z = -5951 - -5957. What is the remainder when b(1) is divided by z?
3
Let n = -6 - -9. Let q(l) = 97 - 107 + 2*l + n*l. Calculate the remainder when 58 is divided by q(6).
18
Suppose i + 3*y = -i + 17, 0 = 3*i + 2*y - 23. Let n(x) = x**2 + 6*x + 8. Let j be n(-5). Suppose j*v + i = 31. Calculate the remainder when 13 is divided by v.
5
Let g = -119 - -107. What is the remainder when 179 is divided by (1 + 3)*(-4 + (-93)/g)?
14
Let l = 288 + -276. Calculate the remainder when 21 is divided by l.
9
Let m(y) = 299*y**3 + 7*y**2 - 10*y - 2. Calculate the remainder when m(2) is divided by 60.
58
Let i(w) = 7*w + 52. What is the remainder when 207 is divided by i(0)?
51
What is the remainder when 630/4 - (-1)/(-2) is divided by 291/776 + (375/24)/1?
13
Let t = 44 - 35. Let n = t + 80. What is the remainder when n is divided by 13?
11
Calculate the remainder when 98 is divided by 32 - (24/8 - -4).
23
Suppose 0 = u + 3*p - 30, 3*u - 5*p = -8 + 84. Calculate the remainder when 563 is divided by u.
23
Let y be (18/(-15))/(3/10). Let w = y + 43. Suppose 0 = 3*l - 99 + w. Calculate the remainder when l is divided by 8.
4
Let h(g) = -6*g**3 - 2*g**2 - 8*g - 4. What is the remainder when 108 is divided by h(-2)?
4
Suppose -5*w = -3*f + 568, -4 - 16 = 5*f. Let g be (w/(-10))/(26/65). Calculate the remainder when (-8 + g)*1/1 is divided by 6.
3
Let y(w) be the third derivative of w**5/30 - 11*w**4/24 + 3*w**3/2 + 5*w**2. Calculate the remainder when y(8) is divided by 25.
24
Let f(o) = -5*o**2 + 2*o + 25*o**3 - 24*o**3 - 13*o**2 - 11. Calculate the remainder when f(18) is divided by 14.
11
Suppose 4*f - 10*f = -624. Calculate the remainder when f is divided by 5.
4
Let u(o) = 2*o**2 - o - 6. Suppose -5*z + 8*z = 18. What is the remainder when u(z) is divided by 21?
18
Let a(y) = y**3 - 5*y**2 + 4*y + 3. Let n be a(5). Suppose -p = 0, -2*p - 3*p - n = -k. What is the remainder when k is divided by 12?
11
Let g be ((-15)/10)/3*-6. Let b(j) = 4*j**3 - j**2 - 8*j + 7. Calculate the remainder when b(g) is divided by 22.
16
Let f(n) = 9*n**3 - 6*n**2 + 9*n - 5. Calculate the remainder when 210 is divided by f(2).
27
Suppose 0 = -b + 9 + 34. Let r = b + -37. Calculate the remainder when r is divided by 2.
0
Suppose -j - 73 = -61. What is the remainder when 4 is divided by 6 + -1 + 1 + 9 + j?
1
Let p = -12 - -7. Let o(a) = -48*a**2 + 4*a + 3. Let n(f) = 47*f**2 - 5*f - 4. Let b(w) = p*o(w) - 4*n(w). What is the remainder when b(1) is divided by 18?
17
Suppose 6*j - 19*j + 390 = 0. What is the remainder when 82 is divided by j?
22
Let n = 124 + -374. Let l = 366 + n. Let w = 187 - l. What is the remainder when w is divided by 24?
23
Suppose 0 = -5*u + 10*u + 360. Let g = u + 112. Calculate the remainder when g is divided by 21.
19
Calculate the remainder when 39 is divided by (-10)/8 - 11/(88/(-90)).
9
Suppose -2*v - 8 = -50. Let r be 3*2/(8/4). Suppose 5*g + 0*g + 3*h = 308, 0 = 3*h - r. Calculate the remainder when g is divided by v.
19
Let v(k) = k**3 + 12*k**2 - 12*k - 2. Let a be v(-13). What is the remainder when -2 + (-1 + (1 - 1))*a is divided by 9?
4
Let f(p) = p**3 - 6*p**2 - 3*p + 38. What is the remainder when 140 is divided by f(0)?
26
Let b = 6 - 1. Suppose 4*d + 0 = 4*t - 64, 0 = t - 3*d - 10. Suppose -9 + 66 = t*n. What is the remainder when b is divided by n?
2
Suppose -5*q - 32 = -2*g, 0 = -g - 2*q + 13 - 6. Let a = 172 + -302. Calculate the remainder when g is divided by (-40)/180 + 1/((-18)/a).
4
Suppose 3 = -w + 18. Let v = 0 + w. What is the remainder when 57 is divided by v?
12
Let f(g) = -g**3 - 49*g**2 - 49*g - 36. What is the remainder when 353 is divided by f(-48)?
5
Suppose -5*a - 7 = -17. Suppose 5*r + 4*h - 136 = h, -4 = -a*h. Suppose -4*b + 4*j = -188, b - 4*j + j - 43 = 0. Calculate the remainder when b is divided by r.
23
Suppose -3502 = -8*h + 4666. What is the remainder when h is divided by 16?
13
Let l(d) = d**2 - 11*d + 19. Let r be l(9). Calculate the remainder when r*15 + 27/9 is divided by 7.
4
Let i(b) = -4*b + 3. Let r(x) = -x**2 + 2*x + 2. Let d be r(-2). Calculate the remainder when 53 is divided by i(d).
26
Suppose 12*z - 66 = 138. Calculate the remainder when 257 is divided by z.
2
Let y be 5/(-20) - (-131)/(-4). Let d = 59 + y. Suppose i + 146 = 4*w, 10*i - 5*i = -w + d. Calculate the remainder when w is divided by 19.
17
Let k = -819 + 889. Calculate the remainder when 347 is divided by k.
67
Let q = -216 + 515. What is the remainder when q is divided by 20?
19
Suppose 688*s = 693*s - 205. What is the remainder when 694 is divided by s?
38
Let k(o) = 8*o - 1. Suppose 5*r = 10 - 5. Let v(p) = -p**2 + 9*p - 7. Calculate the remainder when v(5) is divided by k(r).
6
Let v(c) = 5*c**3 + 4*c**2 - 5*c - 5. Let p be v(3). Suppose 4*b - p = -3*a, -5*b + 121 = 2*a - 59. What is the remainder when 169 is divided by b?
33
Suppose 3*x + 4*m - 614 - 456 = 0, m = 3*x - 1075. What is the remainder when x is divided by 72?
70
Let o = 351 - 331. What is the remainder when 27 is divided by o?
7
Let v(r) = 6*r**3 + 6*r**2 - 7*r + 7. Calculate the remainder when v(4) is divided by 66.
63
Let p(j) = 4*j**3 - 9*j - 6. What is the remainder when p(3) is divided by 38?
37
Let i be (36/(-8) + 4)*-1108. Suppose 0 = 4*z + m - 262 - i, -z + 3*m = -204. Suppose 5*a - 191 = z. What is the remainder when a is divided by 27?
25
Suppose -5*c - 3*p + 2137 = 0, -5*c + 7*p = 9*p - 2133. What is the remainder when c is divided by 13?
9
Let x = -957 + 1129. Calculate the remainder when x is divided by 30.
22
Let m = 1 - 5. Let c = 33 + m. Calculate the remainder when c is divided by 11.
7
Suppose -3*k - 3*j + 318 = 0, 3*k + 0*j - j - 306 = 0. Suppose -3*c = -k - 50. Calculate the remainder when c is divided by (-12 - 6)/(24/(-21) + (-5)/(-35)).
15
Let v(z) = -z**3 + z. Let b be v(0). Let g(c) = 0*c**2 + 2*c**2 - 5 + b. Calculate the remainder when 50 is divided by g(3).
11
Suppose 3*q - q - 46 = 0. Let u = 256 - 244. Calculate the remainder when q is divided by u.
11
Let c(d) = -326*d**2 + 4 + 11*d - 6 + 327*d**2. Calculate the remainder when 37 is divided by c(-12).
7
Let b(s) = s**2 + 11*s. Let f be b(-11). Suppose 3*z - 5*z + 8 = 0. Let a = z + f. Calculate the remainder when 11 is divided by a.
3
Suppose -2*l - 10 = -3*c, -5*c - 3*l + 3 = -1. Suppose c*p = -3 + 41. Let j = p + -12. What is the remainder when 26 is divided by j?
5
Let i(v) = -47